 of 7139706?
True
Is 1443015 a multiple of 81?
True
Is 78221 a multiple of 11?
True
Is 3466421 a multiple of 29?
False
Is 149778 a multiple of 471?
True
Does 20 divide 657538?
False
Does 24 divide 198197?
False
Does 48 divide 539670?
False
Is 1623420 a multiple of 348?
True
Is 14317308 a multiple of 1996?
True
Is 27 a factor of 30873?
False
Is 6990935 a multiple of 45?
False
Is 1849663 a multiple of 4?
False
Does 216 divide 398952?
True
Does 304 divide 807424?
True
Is 12 a factor of 870924?
True
Is 6 a factor of 862716?
True
Is 491320 a multiple of 346?
True
Is 1245400 a multiple of 50?
True
Is 2956875 a multiple of 16?
False
Does 66 divide 353496?
True
Is 2664827 a multiple of 38?
False
Does 13 divide 102830?
True
Is 14 a factor of 4902240?
True
Does 72 divide 1468080?
True
Is 10 a factor of 279423?
False
Is 68 a factor of 114598?
False
Is 259050 a multiple of 25?
True
Is 88 a factor of 306592?
True
Is 177059 a multiple of 16?
False
Is 20 a factor of 6104832?
False
Is 12 a factor of 22556?
False
Does 160 divide 294560?
True
Is 130526 a multiple of 11?
True
Is 12 a factor of 2599632?
True
Does 426 divide 109908?
True
Is 2147950 a multiple of 71?
False
Does 126 divide 1519393?
False
Does 570 divide 184680?
True
Is 18763716 a multiple of 228?
True
Is 54 a factor of 914355?
False
Is 148115 a multiple of 55?
True
Does 4 divide 145492?
True
Is 14432668 a multiple of 118?
False
Is 529 a factor of 235405?
True
Is 5716506 a multiple of 42?
False
Does 58 divide 222488?
True
Is 207481 a multiple of 653?
False
Is 298 a factor of 348314?
False
Is 1989621 a multiple of 9?
True
Is 108548 a multiple of 22?
True
Is 63 a factor of 146979?
True
Is 19 a factor of 3205404?
False
Is 236915 a multiple of 245?
True
Is 725 a factor of 3531475?
True
Does 702 divide 1277640?
True
Is 45 a factor of 7118865?
True
Does 9 divide 177076?
False
Is 181 a factor of 1661580?
True
Is 417 a factor of 1524552?
True
Is 49624 a multiple of 18?
False
Is 897838 a multiple of 474?
False
Does 26 divide 1350892?
False
Is 1226682 a multiple of 46?
True
Is 198 a factor of 187521?
False
Is 5678358 a multiple of 1059?
True
Does 10 divide 1050370?
True
Does 45 divide 305235?
True
Does 313 divide 575025?
False
Is 63 a factor of 74700?
False
Does 9 divide 82179?
True
Is 81 a factor of 4632309?
True
Is 5 a factor of 150710?
True
Is 238 a factor of 17705534?
True
Is 128778 a multiple of 647?
False
Is 1040490 a multiple of 99?
True
Does 6 divide 353334?
True
Is 279746 a multiple of 14?
False
Does 1449 divide 12728016?
True
Is 17 a factor of 637296?
True
Does 12 divide 203873?
False
Is 30 a factor of 285726?
False
Does 21 divide 167335?
False
Is 318603 a multiple of 183?
True
Does 12 divide 4251348?
True
Is 289614 a multiple of 78?
True
Is 30 a factor of 89610?
True
Is 116 a factor of 7150588?
True
Does 6 divide 8271585?
False
Is 258852 a multiple of 44?
True
Is 1153 a factor of 64568?
True
Is 1295535 a multiple of 48?
False
Is 3188722 a multiple of 31?
True
Is 218983 a multiple of 36?
False
Is 267811 a multiple of 25?
False
Does 66 divide 2099712?
False
Is 231104 a multiple of 368?
True
Does 193 divide 663534?
True
Is 18 a factor of 739800?
True
Does 55 divide 30745?
True
Is 4855 a multiple of 54?
False
Does 7 divide 1405739?
False
Does 102 divide 16830183?
False
Does 135 divide 1081350?
True
Does 6 divide 1661448?
True
Does 39 divide 4274357?
False
Is 83 a factor of 1562576?
False
Is 4979 a multiple of 148?
False
Does 7 divide 3784?
False
Is 351382 a multiple of 147?
False
Is 1739206 a multiple of 29?
False
Does 3 divide 1587111?
True
Is 61 a factor of 326716?
True
Does 13 divide 14092?
True
Is 8119 even?
False
Is 51 a factor of 1233996?
True
Is 67410 a multiple of 3?
True
Does 15 divide 42627?
False
Is 102 a factor of 1998690?
True
Does 484 divide 226996?
True
Is 858789 a multiple of 17?
True
Is 206 a factor of 59252?
False
Is 366856 a multiple of 16?
False
Is 26526 a multiple of 3?
True
Is 28 a factor of 6620096?
True
Is 58 a factor of 116406?
True
Is 297264 a multiple of 12?
True
Does 716 divide 253097?
False
Is 712526 a multiple of 23?
False
Does 32 divide 827376?
False
Is 2924870 a multiple of 10?
True
Is 46 a factor of 108974?
True
Is 651 a factor of 4677865?
False
Does 13 divide 4520837?
False
Does 954 divide 12518650?
False
Is 3359750 a multiple of 125?
True
Is 148018 a multiple of 73?
False
Is 26 a factor of 1201088?
False
Is 13 a factor of 403020?
False
Is 2626440 a multiple of 15?
True
Does 100 divide 1340597?
False
Does 20 divide 2945680?
True
Is 947915 even?
False
Does 1327 divide 7971641?
False
Does 17 divide 550959?
False
Does 46 divide 166888?
True
Is 652 a factor of 804516?
False
Is 13 a factor of 112034?
True
Is 31 a factor of 190433?
True
Does 153 divide 65637?
True
Does 602 divide 7095774?
True
Is 1000 a factor of 648000?
True
Is 10 a factor of 14955?
False
Is 880645 a multiple of 7?
False
Is 5 a factor of 142566?
False
Is 34 a factor of 86870?
True
Is 1551744 a multiple of 216?
True
Is 344 a factor of 634336?
True
Does 28 divide 2305916?
False
Is 3569198 a multiple of 107?
False
Is 66 a factor of 1623018?
False
Does 34 divide 115940?
True
Is 9 a factor of 82572?
False
Is 34 a factor of 163815?
False
Is 189796 a multiple of 46?
True
Does 16 divide 8127968?
True
Is 126 a factor of 1259982?
False
Is 135510 a multiple of 15?
True
Is 4 a factor of 3135634?
False
Does 11 divide 94905?
False
Is 114 a factor of 1071835?
False
Is 96 a factor of 432192?
True
Is 371 a factor of 3862784?
False
Does 240 divide 173520?
True
Does 7 divide 36267?
True
Is 815544 a multiple of 45?
False
Is 46 a factor of 2062416?
False
Is 51 a factor of 18366355?
False
Is 10 a factor of 60688?
False
Is 40320 a multiple of 60?
True
Is 6 a factor of 2681634?
True
Does 149 divide 3788175?
False
Is 418 a factor of 2294820?
True
Does 65 divide 3600784?
False
Does 263 divide 177927?
False
Is 247874 a multiple of 125?
False
Is 609708 a multiple of 372?
True
Is 5 a factor of 17744235?
True
Is 55 a factor of 151085?
True
Is 135 a factor of 10073253?
False
Is 56 a factor of 240800?
True
Is 9 a factor of 30539?
False
Is 159 a factor of 46912?
False
Is 3530096 a multiple of 7?
False
Does 244 divide 6958098?
False
Does 10 divide 1073453?
False
Is 86 a factor of 43306?
False
Does 823 divide 1624602?
True
Is 9564390 a multiple of 846?
False
Is 153664 a multiple of 98?
True
Is 6856110 a multiple of 15?
True
Is 477504 a multiple of 288?
True
Is 87 a factor of 16046280?
True
Does 54 divide 1863826?
False
Is 89 a factor of 34488?
False
Does 837 divide 1341711?
True
Is 61 a factor of 548682?
False
Is 58 a factor of 1460904?
True
Does 312 divide 403728?
True
Is 130623 a multiple of 134?
False
Does 35 divide 667345?
True
Is 81581 a multiple of 23?
True
Is 24 a factor of 239222?
False
Does 180 divide 743664?
False
Is 112056 a multiple of 58?
True
Is 835097 a multiple of 63?
False
Does 197 divide 76876?
False
Is 938220 a multiple of 20?
True
Is 4809121 a multiple of 16?
False
Does 78 divide 9282?
True
Is 813779 a multiple of 71?
False
Is 8 a factor of 10879464?
True
Is 203 a factor of 402346?
True
Is 515 a factor of 174070?
True
Does 3 divide 45072?
True
Is 2324686 a multiple of 7?
True
Is 148400 a multiple of 40?
True
Is 470248 a multiple of 2?
True
Is 112224 a multiple of 7?
True
Is 364 a factor of 872511?
False
Is 10926573 a multiple of 391?
False
Is 38629471 a multiple of 15?
False
Is 12 a factor of 75806?
False
Is 2587432 a multiple of 436?
False
Is 206 a factor of 187268?
False
Is 4691433 a multiple of 29?
False
Is 2 a factor of 11556?
True
Is 406 a factor of 1132740?
True
Does 172 divide 2208996?
True
Is 59 a factor of 1088263?
False
Does 4 divide 428233?
False
Does 38 divide 16897270?
True
Does 827 divide 1983146?
True
Is 19463565 a multiple of 41?
False
Is 487 a factor of 2281574?
False
Is 4128532 a multiple of 104?
False
Is 28 a factor of 4790688?
True
Is 553088 a multiple of 232?
True
Is 21309 a multiple of 16?
False
Does 5 divide 16495?
True
Does 18 divide 29232?
True
Is 2285160 a multiple of 20?
True
Is 112 a factor of 12318096?
True
Is 513073 a multiple of 11?
True
Is 78 a factor of 168710?
False
Does 13 divide 122473?
True
Is 230648 a multiple of 13?
False
Does 94 divide 18938?
False
Is 800255 a multiple of 486?
F